{"id":33312,"date":"2023-07-28T12:27:52","date_gmt":"2023-07-28T16:27:52","guid":{"rendered":"https:\/\/oaggao.ca\/?post_type=tribe_events&#038;p=33312"},"modified":"2023-08-03T12:19:16","modified_gmt":"2023-08-03T16:19:16","slug":"vernissage-le-labeur-ne-fait-pas-partie-du-reve","status":"publish","type":"tribe_events","link":"https:\/\/oaggao.ca\/fr\/evenements\/vernissage-le-labeur-ne-fait-pas-partie-du-reve\/","title":{"rendered":"Vernissage | Le labeur ne fait pas partie du r\u00eave."},"content":{"rendered":"<p>Soyez des n\u00f4tres \u00e0 la Galerie Annexe de la Galerie d\u2019art d\u2019Ottawa pour le vernissage de l\u2019exposition\u00a0<a href=\"https:\/\/oaggao.ca\/fr\/a-laffiche\/exposition\/la-labeur-ne-fait-pas-partie-du-reve\/\" target=\"_blank\" rel=\"nofollow noopener noreferrer\" data-airgap-id=\"49\"><em><strong>Le labeur ne fait pas partie du r\u00eave<\/strong><\/em>.<\/a><\/p>\n<p>La soir\u00e9e festive comprendra des bouch\u00e9es, un cocktail sp\u00e9cial et des discours.<\/p>\n<h2><strong>19 h<\/strong>\u00a0&#8211; Discours, Jackson Caf\u00e9 entr\u00e9e Daly<br \/>\n<a href=\"https:\/\/www.eventbrite.ca\/e\/opening-reception-we-do-not-dream-of-labour-tickets-681251440397?aff=oddtdtcreator\">INSCRIVEZ-VOUS<\/a><\/h2>\n<p><strong><a href=\"https:\/\/oaggao.ca\/fr\/a-laffiche\/exposition\/la-labeur-ne-fait-pas-partie-du-reve\/\" target=\"_blank\" rel=\"nofollow noopener noreferrer\" data-airgap-id=\"50\"><em>Le labeur ne fait pas partie du r\u00eave.<\/em><\/a><\/strong><\/p>\n<p>l\u2019exposition propose une exploration de la maternit\u00e9, de la nature, de la musique et de v\u00e9rit\u00e9s crues, \u00e9motionnelles et physiques. Elle pr\u00e9sente les diverses fa\u00e7ons par lesquelles les artistes des communaut\u00e9s noires de la r\u00e9gion d\u2019Ottawa-Gatineau, aux origines carib\u00e9enne et africaine, voient le repos et transforment la sc\u00e8ne artistique. Leurs voix deviennent un dialogue sur les sept types de repos (sensoriel, \u00e9motionnel, social, spirituel, physique, cr\u00e9atif et mental) au moyen de techniques vari\u00e9es, notamment la peinture, la sculpture et la po\u00e9sie.<\/p>\n<p><strong>Artistes :\u00a0<\/strong>Sarah Mecca Abdourahman, Sydney Agnant, Andy Akangah, Tolorunlogo Akinrinola, St\u00e9phane Alexis, Zineb Allaoui, Lucille Giwa-Amu, Taiwo Apampa, Maya \u00ab MayaSpoken \u00bb Basudde, Esther Calixte-Bea, Teanna Chase, Fanny Constantino, Francesca D\u00e9sulm\u00e9, Sandra Dusabe, Funto Kusimo, Elvin Girineza, Meghan Guerriero-Blaise, Yasmine Hadid, Felicity Hauwert, Jean Christian Furaha Ishimwe, Sonia Ekiyor-Katimi, Fatuma Kou, Charifa Labarang, Elbert Laroc, Aly (Joy-Lily) McDonald, William Martinak, Augustine Mgala, Sabrina Niyigaruye, Oladimeji Odunsi, Ekene Okonkwo, Tanitoluwa Olorunyomi, Abayomi Orimoloye, David D. Pistol, Dion Prints, Anne-J Rene, Moksha Singh-Sharpe, Danny Saint-Fort, \u00ab Ngoya Artisan \u00bb Joyce Ngoya Tshiyoyo.<\/p>\n<h3>Du 10 ao\u00fbt au 10 septembre 2023<br \/>\nGalerie Annexe, Galerie d\u2019art d\u2019Ottawa, niveau 1<br \/>\n<strong>Yanaminah Thullah, <\/strong>commissaire-h\u00f4te communautaire, galerie commerciale<\/h3>\n<p>Cette exposition a b\u00e9n\u00e9fici\u00e9 du soutien et du partenariat de l\u2019<a href=\"https:\/\/www.instagram.com\/_obak_\/\" target=\"_blank\" rel=\"nofollow noopener noreferrer\" data-airgap-id=\"52\">Ottawa Black Art Kollective (OBAK)<\/a>, ainsi que de l\u2019appui accord\u00e9 par la\u00a0<a href=\"https:\/\/www.rbc.com\/collectivite-impact-social\/index.html\" target=\"_blank\" rel=\"nofollow noopener noreferrer\" data-airgap-id=\"53\">Fondation RBC<\/a>\u00a0au programme de mentorat d\u2019artistes Rapprochement de la GAO.<\/p>\n<p><a href=\"https:\/\/www.instagram.com\/_obak_\/\"><img decoding=\"async\" class=\"alignnone wp-image-26647\" src=\"https:\/\/oaggao.ca\/wp-content\/uploads\/2022\/07\/obak_W-031-300x161.png\" sizes=\"(max-width: 147px) 100vw, 147px\" srcset=\"https:\/\/oaggao.ca\/wp-content\/uploads\/2022\/07\/obak_W-031-300x161.png 300w, https:\/\/oaggao.ca\/wp-content\/uploads\/2022\/07\/obak_W-031-1024x549.png 1024w, https:\/\/oaggao.ca\/wp-content\/uploads\/2022\/07\/obak_W-031-768x411.png 768w, https:\/\/oaggao.ca\/wp-content\/uploads\/2022\/07\/obak_W-031-1536x823.png 1536w, https:\/\/oaggao.ca\/wp-content\/uploads\/2022\/07\/obak_W-031.png 2048w\" alt=\"\" width=\"147\" height=\"79\" \/><\/a>\u00a0 \u00a0 \u00a0\u00a0<a href=\"https:\/\/www.rbc.com\/collectivite-impact-social\/index.html\"><img decoding=\"async\" class=\"alignnone wp-image-22328\" src=\"https:\/\/oaggao.ca\/wp-content\/uploads\/2022\/02\/RBCFND_LogoDes_H_rgbP_BiEF-1-300x109.jpg\" sizes=\"(max-width: 160px) 100vw, 160px\" srcset=\"https:\/\/oaggao.ca\/wp-content\/uploads\/2022\/02\/RBCFND_LogoDes_H_rgbP_BiEF-1-300x109.jpg 300w, https:\/\/oaggao.ca\/wp-content\/uploads\/2022\/02\/RBCFND_LogoDes_H_rgbP_BiEF-1-1024x373.jpg 1024w, https:\/\/oaggao.ca\/wp-content\/uploads\/2022\/02\/RBCFND_LogoDes_H_rgbP_BiEF-1-768x279.jpg 768w, https:\/\/oaggao.ca\/wp-content\/uploads\/2022\/02\/RBCFND_LogoDes_H_rgbP_BiEF-1-1536x559.jpg 1536w, https:\/\/oaggao.ca\/wp-content\/uploads\/2022\/02\/RBCFND_LogoDes_H_rgbP_BiEF-1-scaled.jpg 2048w\" alt=\"\" width=\"160\" height=\"58\" \/><\/a><\/p>\n<p>Image : Sabrina Niyigaruye, <em>Son of God<\/em>, 2021, 12 x 18 pouces<\/p>\n","protected":false},"excerpt":{"rendered":"<p>Soyez des n\u00f4tres \u00e0 la Galerie Annexe de la Galerie d\u2019art d\u2019Ottawa pour le vernissage de l\u2019exposition\u00a0Le labeur ne fait pas partie du r\u00eave. La soir\u00e9e festive comprendra des bouch\u00e9es, [&hellip;]<\/p>\n","protected":false},"author":13,"featured_media":33173,"template":"","meta":{"_acf_changed":false,"_tribe_events_status":"","_tribe_events_status_reason":"","_tribe_events_is_hybrid":"","_tribe_events_is_virtual":"","_tribe_events_virtual_video_source":"","_tribe_events_virtual_embed_video":"","_tribe_events_virtual_linked_button_text":"","_tribe_events_virtual_linked_button":"","_tribe_events_virtual_show_embed_at":"","_tribe_events_virtual_show_embed_to":[],"_tribe_events_virtual_show_on_event":"","_tribe_events_virtual_show_on_views":"","_tribe_events_virtual_url":"","footnotes":""},"tags":[],"tribe_events_cat":[],"class_list":["post-33312","tribe_events","type-tribe_events","status-publish","has-post-thumbnail","hentry"],"acf":[],"aioseo_notices":[],"_links":{"self":[{"href":"https:\/\/oaggao.ca\/fr\/wp-json\/wp\/v2\/tribe_events\/33312","targetHints":{"allow":["GET"]}}],"collection":[{"href":"https:\/\/oaggao.ca\/fr\/wp-json\/wp\/v2\/tribe_events"}],"about":[{"href":"https:\/\/oaggao.ca\/fr\/wp-json\/wp\/v2\/types\/tribe_events"}],"author":[{"embeddable":true,"href":"https:\/\/oaggao.ca\/fr\/wp-json\/wp\/v2\/users\/13"}],"version-history":[{"count":0,"href":"https:\/\/oaggao.ca\/fr\/wp-json\/wp\/v2\/tribe_events\/33312\/revisions"}],"wp:featuredmedia":[{"embeddable":true,"href":"https:\/\/oaggao.ca\/fr\/wp-json\/wp\/v2\/media\/33173"}],"wp:attachment":[{"href":"https:\/\/oaggao.ca\/fr\/wp-json\/wp\/v2\/media?parent=33312"}],"wp:term":[{"taxonomy":"post_tag","embeddable":true,"href":"https:\/\/oaggao.ca\/fr\/wp-json\/wp\/v2\/tags?post=33312"},{"taxonomy":"tribe_events_cat","embeddable":true,"href":"https:\/\/oaggao.ca\/fr\/wp-json\/wp\/v2\/tribe_events_cat?post=33312"}],"curies":[{"name":"wp","href":"https:\/\/api.w.org\/{rel}","templated":true}]}}

Vernissage | Le labeur ne fait pas partie du rêve.

<p>Soyez des nôtres à la Galerie Annexe de la Galerie d’art d’Ottawa pour le vernissage de l’exposition <a href="https://oaggao.ca/fr/a-laffiche/exposition/la-labeur-ne-fait-pas-partie-du-reve/" target="_blank" rel="nofollow noopener noreferrer" data-airgap-id="49"><em><strong>Le labeur ne fait pas partie du rêve</strong></em>.</a></p>
<p>La soirée festive comprendra des bouchées, un cocktail spécial et des discours.</p>
<h2><strong>19 h</strong> &#8211; Discours, Jackson Café entrée Daly<br />
<a href="https://www.eventbrite.ca/e/opening-reception-we-do-not-dream-of-labour-tickets-681251440397?aff=oddtdtcreator">INSCRIVEZ-VOUS</a></h2>
<p><strong><a href="https://oaggao.ca/fr/a-laffiche/exposition/la-labeur-ne-fait-pas-partie-du-reve/" target="_blank" rel="nofollow noopener noreferrer" data-airgap-id="50"><em>Le labeur ne fait pas partie du rêve.</em></a></strong></p>
<p>l’exposition propose une exploration de la maternité, de la nature, de la musique et de vérités crues, émotionnelles et physiques. Elle présente les diverses façons par lesquelles les artistes des communautés noires de la région d’Ottawa-Gatineau, aux origines caribéenne et africaine, voient le repos et transforment la scène artistique. Leurs voix deviennent un dialogue sur les sept types de repos (sensoriel, émotionnel, social, spirituel, physique, créatif et mental) au moyen de techniques variées, notamment la peinture, la sculpture et la poésie.</p>
<p><strong>Artistes : </strong>Sarah Mecca Abdourahman, Sydney Agnant, Andy Akangah, Tolorunlogo Akinrinola, Stéphane Alexis, Zineb Allaoui, Lucille Giwa-Amu, Taiwo Apampa, Maya « MayaSpoken » Basudde, Esther Calixte-Bea, Teanna Chase, Fanny Constantino, Francesca Désulmé, Sandra Dusabe, Funto Kusimo, Elvin Girineza, Meghan Guerriero-Blaise, Yasmine Hadid, Felicity Hauwert, Jean Christian Furaha Ishimwe, Sonia Ekiyor-Katimi, Fatuma Kou, Charifa Labarang, Elbert Laroc, Aly (Joy-Lily) McDonald, William Martinak, Augustine Mgala, Sabrina Niyigaruye, Oladimeji Odunsi, Ekene Okonkwo, Tanitoluwa Olorunyomi, Abayomi Orimoloye, David D. Pistol, Dion Prints, Anne-J Rene, Moksha Singh-Sharpe, Danny Saint-Fort, « Ngoya Artisan » Joyce Ngoya Tshiyoyo.</p>
<h3>Du 10 août au 10 septembre 2023<br />
Galerie Annexe, Galerie d’art d’Ottawa, niveau 1<br />
<strong>Yanaminah Thullah, </strong>commissaire-hôte communautaire, galerie commerciale</h3>
<p>Cette exposition a bénéficié du soutien et du partenariat de l’<a href="https://www.instagram.com/_obak_/" target="_blank" rel="nofollow noopener noreferrer" data-airgap-id="52">Ottawa Black Art Kollective (OBAK)</a>, ainsi que de l’appui accordé par la <a href="https://www.rbc.com/collectivite-impact-social/index.html" target="_blank" rel="nofollow noopener noreferrer" data-airgap-id="53">Fondation RBC</a> au programme de mentorat d’artistes Rapprochement de la GAO.</p>
<p><a href="https://www.instagram.com/_obak_/"><img decoding="async" class="alignnone wp-image-26647" src="https://oaggao.ca/wp-content/uploads/2022/07/obak_W-031-300x161.png" sizes="(max-width: 147px) 100vw, 147px" srcset="https://oaggao.ca/wp-content/uploads/2022/07/obak_W-031-300x161.png 300w, https://oaggao.ca/wp-content/uploads/2022/07/obak_W-031-1024x549.png 1024w, https://oaggao.ca/wp-content/uploads/2022/07/obak_W-031-768x411.png 768w, https://oaggao.ca/wp-content/uploads/2022/07/obak_W-031-1536x823.png 1536w, https://oaggao.ca/wp-content/uploads/2022/07/obak_W-031.png 2048w" alt="" width="147" height="79" /></a>      <a href="https://www.rbc.com/collectivite-impact-social/index.html"><img decoding="async" class="alignnone wp-image-22328" src="https://oaggao.ca/wp-content/uploads/2022/02/RBCFND_LogoDes_H_rgbP_BiEF-1-300x109.jpg" sizes="(max-width: 160px) 100vw, 160px" srcset="https://oaggao.ca/wp-content/uploads/2022/02/RBCFND_LogoDes_H_rgbP_BiEF-1-300x109.jpg 300w, https://oaggao.ca/wp-content/uploads/2022/02/RBCFND_LogoDes_H_rgbP_BiEF-1-1024x373.jpg 1024w, https://oaggao.ca/wp-content/uploads/2022/02/RBCFND_LogoDes_H_rgbP_BiEF-1-768x279.jpg 768w, https://oaggao.ca/wp-content/uploads/2022/02/RBCFND_LogoDes_H_rgbP_BiEF-1-1536x559.jpg 1536w, https://oaggao.ca/wp-content/uploads/2022/02/RBCFND_LogoDes_H_rgbP_BiEF-1-scaled.jpg 2048w" alt="" width="160" height="58" /></a></p>
<p>Image : Sabrina Niyigaruye, <em>Son of God</em>, 2021, 12 x 18 pouces</p>

<p>Soyez des nôtres à la Galerie Annexe de la Galerie d’art d’Ottawa pour le vernissage de l’exposition Le labeur ne fait pas partie du rêve. La soirée festive comprendra des bouchées, [&hellip;]</p>
